{"id":24,"date":"2023-12-22T11:24:21","date_gmt":"2023-12-22T10:24:21","guid":{"rendered":"https:\/\/e-doc.univ-avignon.fr\/durabilite\/?page_id=24"},"modified":"2024-09-24T12:16:36","modified_gmt":"2024-09-24T10:16:36","slug":"demarche-bilan-carbonne","status":"publish","type":"page","link":"https:\/\/e-doc.univ-avignon.fr\/durabilite\/demarche-bilan-carbonne\/","title":{"rendered":"D\u00e9marche bilan carbone"},"content":{"rendered":"\n<ul class=\"wp-block-list\">\n<li>Bilan carbone <a href=\"https:\/\/e-doc.univ-avignon.fr\/durabilite\/wp-content\/uploads\/sites\/52\/2024\/09\/Bilan-Carbonne-AU-2023.pdf\">AU 2023<\/a> (.pdf)<\/li>\n\n\n\n<li>Bilan carbone <a href=\"https:\/\/e-doc.univ-avignon.fr\/durabilite\/wp-content\/uploads\/sites\/52\/2024\/09\/Bilan-Carbone-AU-2022.pdf\">AU 2022<\/a> (.pdf)<\/li>\n<\/ul>\n\n\n\n<p>La d\u00e9gradation environnementale pose une question collective \u00e0 l\u2019humanit\u00e9. La r\u00e9ponse \u00e0 y apporter collectivement n\u2019est pas \u00e9crite \u00e0 l\u2019avance. Et sur ce sujet, de nombreuses positions qui sont pr\u00e9sent\u00e9es comme des \u00e9vidences, ne le sont pas. Des enjeux de coh\u00e9rence, de choix, de libert\u00e9\u2026 sont pr\u00e9sents.<br>Il y a donc un grand besoin d\u2019\u00e9changes sur le sujet. Nous proposons des ateliers \u00e0 ce propos. Pour permettre le d\u00e9bat d\u2019une part, et outiller le personnel de l\u2019universit\u00e9 pour agir d\u2019autre part.<\/p>\n\n\n\n<h2 class=\"wp-block-heading\">Atelier \u00ab\u00a0Inventons Nos Vies\/M\u00e9tiers Bas Carbone\u00a0\u00bb<\/h2>\n\n\n\n<p>\u00c0 quoi ressemblerait une vie \u00ab\u00a0bas carbone\u00a0\u00bb ?<br>Le changement climatique est une question qui se pose \u00e0 l&rsquo;\u00e9chelle mondiale. En 2015, 196 \u00e9tats signaient l&rsquo;accord de Paris, s&rsquo;engageant \u00e0 agir pour limiter le r\u00e9chauffement plan\u00e9taire. Cet accord a fix\u00e9 une cible de pr\u00e9servation de la plan\u00e8te, un niveau de r\u00e9chauffement au-del\u00e0 duquel on ne souhaite pas aller. Cette cible : ne pas d\u00e9passer 2\u00b0C de r\u00e9chauffement.<\/p>\n\n\n\n<p>Mais concr\u00e8tement, que cela signifie t&rsquo;il ? Qu&rsquo;est-ce que \u00e7a implique pour nous, au quotidien ?<\/p>\n\n\n\n<p>L&rsquo;atelier \u00ab\u00a0Inventons Nos Vies\/m\u00e9tiers Bas Carbone\u00a0\u00bb permet de visualiser les ordres de grandeur li\u00e9s au changement climatique, pour comprendre o\u00f9 sont les enjeux importants, les pistes d&rsquo;actions, et parler de ce que nous souhaitons. Cela permet de s&rsquo;imaginer des vies \u00ab\u00a0bas carbone\u00a0\u00bb, avec des rep\u00e8res concrets.<br>Et d&rsquo;explorer ce qui ferait, ou non, qu&rsquo;on puisse mener une telle vie de mani\u00e8re heureuse.<\/p>\n\n\n\n<p>Ces ateliers sont propos\u00e9s dans le cadre de la formation des agents (contractuels ou titulaires). Les inscriptions se font sur la <a href=\"https:\/\/formations-rh.univ-amu.fr\/program\/myprogram\">plate-forme Geforp<\/a>\/th\u00e9matique D\u00e9veloppement durable. Avignon Universit\u00e9 s&rsquo;est engag\u00e9 \u00e0 form\u00e9 plus de 80 % de son personnel d&rsquo;ici 2028.<\/p>\n\n\n\n<p><strong>Dates des ateliers pass\u00e9s :<\/strong> <br>&#8211; Campus Hannah Arendt : 22\/11\/2023 et 7\/12\/2023<br>&#8211; Campus Agroparc : 30\/11\/2023 et 14\/12\/2023<\/p>\n\n\n\n<div class=\"wp-block-columns is-layout-flex wp-container-core-columns-is-layout-9d6595d7 wp-block-columns-is-layout-flex\">\n<div class=\"wp-block-column is-layout-flow wp-block-column-is-layout-flow\">\n<figure class=\"wp-block-image size-large\"><img loading=\"lazy\" decoding=\"async\" width=\"1024\" height=\"454\" src=\"https:\/\/e-doc.univ-avignon.fr\/durabilite\/wp-content\/uploads\/sites\/52\/2023\/12\/Logo_KitInventonsnosviesbascarbone_web-1024x454-1-1024x454.jpg\" alt=\"\" class=\"wp-image-30\" srcset=\"https:\/\/e-doc.univ-avignon.fr\/durabilite\/wp-content\/uploads\/sites\/52\/2023\/12\/Logo_KitInventonsnosviesbascarbone_web-1024x454-1-1024x454.jpg 1024w, https:\/\/e-doc.univ-avignon.fr\/durabilite\/wp-content\/uploads\/sites\/52\/2023\/12\/Logo_KitInventonsnosviesbascarbone_web-1024x454-1-300x133.jpg 300w, https:\/\/e-doc.univ-avignon.fr\/durabilite\/wp-content\/uploads\/sites\/52\/2023\/12\/Logo_KitInventonsnosviesbascarbone_web-1024x454-1-768x341.jpg 768w, https:\/\/e-doc.univ-avignon.fr\/durabilite\/wp-content\/uploads\/sites\/52\/2023\/12\/Logo_KitInventonsnosviesbascarbone_web-1024x454-1-1536x681.jpg 1536w, https:\/\/e-doc.univ-avignon.fr\/durabilite\/wp-content\/uploads\/sites\/52\/2023\/12\/Logo_KitInventonsnosviesbascarbone_web-1024x454-1.jpg 2005w\" sizes=\"auto, (max-width: 1024px) 100vw, 1024px\" \/><\/figure>\n<\/div>\n\n\n\n<div class=\"wp-block-column is-layout-flow wp-block-column-is-layout-flow\">\n<figure class=\"wp-block-image size-large\"><img loading=\"lazy\" decoding=\"async\" width=\"1024\" height=\"560\" src=\"https:\/\/e-doc.univ-avignon.fr\/durabilite\/wp-content\/uploads\/sites\/52\/2023\/12\/INVBC_sous-groupe_web-768x420-1-1024x560.jpg\" alt=\"\" class=\"wp-image-31\" srcset=\"https:\/\/e-doc.univ-avignon.fr\/durabilite\/wp-content\/uploads\/sites\/52\/2023\/12\/INVBC_sous-groupe_web-768x420-1-1024x560.jpg 1024w, https:\/\/e-doc.univ-avignon.fr\/durabilite\/wp-content\/uploads\/sites\/52\/2023\/12\/INVBC_sous-groupe_web-768x420-1-300x164.jpg 300w, https:\/\/e-doc.univ-avignon.fr\/durabilite\/wp-content\/uploads\/sites\/52\/2023\/12\/INVBC_sous-groupe_web-768x420-1-768x420.jpg 768w, https:\/\/e-doc.univ-avignon.fr\/durabilite\/wp-content\/uploads\/sites\/52\/2023\/12\/INVBC_sous-groupe_web-768x420-1-1536x840.jpg 1536w, https:\/\/e-doc.univ-avignon.fr\/durabilite\/wp-content\/uploads\/sites\/52\/2023\/12\/INVBC_sous-groupe_web-768x420-1.jpg 2000w\" sizes=\"auto, (max-width: 1024px) 100vw, 1024px\" \/><\/figure>\n<\/div>\n<\/div>\n\n\n\n<h2 class=\"wp-block-heading\">Conf\u00e9rence \u00ab Les aspects humains de la transition environnementale \u00bb<\/h2>\n\n\n\n<figure class=\"wp-block-image size-full is-resized\"><img loading=\"lazy\" decoding=\"async\" width=\"700\" height=\"340\" src=\"https:\/\/e-doc.univ-avignon.fr\/durabilite\/wp-content\/uploads\/sites\/52\/2023\/12\/Bandeau-mail-Les-aspects-humains-de-la-transition-environnementale.jpg\" alt=\"\" class=\"wp-image-55\" style=\"width:411px;height:200px\" srcset=\"https:\/\/e-doc.univ-avignon.fr\/durabilite\/wp-content\/uploads\/sites\/52\/2023\/12\/Bandeau-mail-Les-aspects-humains-de-la-transition-environnementale.jpg 700w, https:\/\/e-doc.univ-avignon.fr\/durabilite\/wp-content\/uploads\/sites\/52\/2023\/12\/Bandeau-mail-Les-aspects-humains-de-la-transition-environnementale-300x146.jpg 300w\" sizes=\"auto, (max-width: 700px) 100vw, 700px\" \/><\/figure>\n\n\n\n<p>L\u2019enjeu de la transition environnementale est principalement humain. Les questions \u00e9cologiques ne font pas l\u2019unanimit\u00e9. <br>Le sujet soul\u00e8ve de nombreuses questions, et entre les injonctions, les promesses, les actions, les peurs\u2026 se dessine un sujet important : comment faire soci\u00e9t\u00e9 ensemble, sans \u00e9viter le sujet ?<br>R\u00e9pondre \u00e0 cette question nous entra\u00eene obligatoirement au c\u0153ur de l\u2019humain.<br>Cette conf\u00e9rence propose des regards, des pistes, des r\u00e9flexions, qui sont issues de 3 ans d\u2019\u00e9changes sur le sujet. Ensemble, nous allons tisser des liens entre notre v\u00e9cu, et le d\u00e9bat de soci\u00e9t\u00e9 plus large qui est en cours. Par la discussion et les r\u00e9actions du public, la conf\u00e9rence s\u2019adaptera pour devenir un moment d\u2019\u00e9change vivant.<\/p>\n","protected":false},"excerpt":{"rendered":"<p>La d\u00e9gradation environnementale pose une question collective \u00e0 l\u2019humanit\u00e9. La r\u00e9ponse \u00e0 y apporter collectivement n\u2019est pas \u00e9crite \u00e0 l\u2019avance. Et sur ce sujet, de nombreuses positions qui sont pr\u00e9sent\u00e9es comme des \u00e9vidences, ne le sont pas. Des enjeux de coh\u00e9rence, de choix, de libert\u00e9\u2026 sont pr\u00e9sents.Il y a donc un grand besoin d\u2019\u00e9changes sur &hellip; <a href=\"https:\/\/e-doc.univ-avignon.fr\/durabilite\/demarche-bilan-carbonne\/\" class=\"more-link\">Continuer la lecture de <span class=\"screen-reader-text\">D\u00e9marche bilan carbone<\/span><\/a><\/p>\n","protected":false},"author":1089,"featured_media":0,"parent":0,"menu_order":0,"comment_status":"closed","ping_status":"closed","template":"","meta":{"footnotes":""},"class_list":["post-24","page","type-page","status-publish","hentry"],"_links":{"self":[{"href":"https:\/\/e-doc.univ-avignon.fr\/durabilite\/wp-json\/wp\/v2\/pages\/24","targetHints":{"allow":["GET"]}}],"collection":[{"href":"https:\/\/e-doc.univ-avignon.fr\/durabilite\/wp-json\/wp\/v2\/pages"}],"about":[{"href":"https:\/\/e-doc.univ-avignon.fr\/durabilite\/wp-json\/wp\/v2\/types\/page"}],"author":[{"embeddable":true,"href":"https:\/\/e-doc.univ-avignon.fr\/durabilite\/wp-json\/wp\/v2\/users\/1089"}],"replies":[{"embeddable":true,"href":"https:\/\/e-doc.univ-avignon.fr\/durabilite\/wp-json\/wp\/v2\/comments?post=24"}],"version-history":[{"count":12,"href":"https:\/\/e-doc.univ-avignon.fr\/durabilite\/wp-json\/wp\/v2\/pages\/24\/revisions"}],"predecessor-version":[{"id":106,"href":"https:\/\/e-doc.univ-avignon.fr\/durabilite\/wp-json\/wp\/v2\/pages\/24\/revisions\/106"}],"wp:attachment":[{"href":"https:\/\/e-doc.univ-avignon.fr\/durabilite\/wp-json\/wp\/v2\/media?parent=24"}],"curies":[{"name":"wp","href":"https:\/\/api.w.org\/{rel}","templated":true}]}}