{"id":2575,"date":"2019-10-17T13:50:13","date_gmt":"2019-10-17T12:50:13","guid":{"rendered":"https:\/\/e-doc.univ-avignon.fr\/gouvernance\/?page_id=2575"},"modified":"2026-01-12T09:29:00","modified_gmt":"2026-01-12T08:29:00","slug":"deliberations-du-cac","status":"publish","type":"page","link":"https:\/\/e-doc.univ-avignon.fr\/gouvernance\/gouvernance\/deliberations-du-cac\/","title":{"rendered":"D\u00e9lib\u00e9rations du CAC"},"content":{"rendered":"<h4 class=\"wp-block-heading\">2025<\/h4>\n<p><a href=\"https:\/\/e-doc.univ-avignon.fr\/gouvernance\/wp-content\/uploads\/sites\/2\/2025\/03\/Deliberations-et-annexes-CAC-04.03.2025-e-Doc.zip\">D\u00e9lib\u00e9rations du CAC &#8211; S\u00e9ance du 04.03.2025<\/a><\/p>\n<p><a href=\"https:\/\/e-doc.univ-avignon.fr\/gouvernance\/wp-content\/uploads\/sites\/2\/2025\/07\/Deliberations-et-annexes-CAC-24.06.2025-e-Doc.zip\">D\u00e9lib\u00e9rations du CAC &#8211; S\u00e9ance du 24.06.2025<\/a><\/p>\n<p><a href=\"https:\/\/e-doc.univ-avignon.fr\/gouvernance\/wp-content\/uploads\/sites\/2\/2025\/12\/Deliberations-et-annexes_CAC-18.11.2025_-e-Doc.zip\">D\u00e9lib\u00e9rations du CAC \u2013 S\u00e9ance du 18.11.2025<\/a><\/p>\n<p><a href=\"https:\/\/e-doc.univ-avignon.fr\/gouvernance\/wp-content\/uploads\/sites\/2\/2026\/01\/Deliberations-et-annexes_CAC-16.12.2025_-e-Doc.zip\">D\u00e9lib\u00e9rations du CAC &#8211; S\u00e9ance du 16.12.2025<\/a><\/p>\n\n\n<h4 class=\"wp-block-heading\">2024<\/h4>\n\n\n\n<p><a href=\"https:\/\/e-doc.univ-avignon.fr\/gouvernance\/wp-content\/uploads\/sites\/2\/2024\/02\/Deliberations-et-annexes-CAC-25.01.2024-e-Doc.zip\" data-type=\"link\" data-id=\"https:\/\/e-doc.univ-avignon.fr\/gouvernance\/wp-content\/uploads\/sites\/2\/2024\/02\/Deliberations-et-annexes-CAC-25.01.2024-e-Doc.zip\">D\u00e9lib\u00e9rations du CAC &#8211; S\u00e9ance du 25.01.2024<\/a><\/p>\n\n\n\n<p><a href=\"https:\/\/e-doc.univ-avignon.fr\/gouvernance\/wp-content\/uploads\/sites\/2\/2024\/04\/Deliberations-et-annexes-CAC-extra.-28.03.2024-e-Doc.zip\" data-type=\"link\" data-id=\"https:\/\/e-doc.univ-avignon.fr\/gouvernance\/wp-content\/uploads\/sites\/2\/2024\/04\/Deliberations-et-annexes-CAC-extra.-28.03.2024-e-Doc.zip\">D\u00e9lib\u00e9rations du CAC &#8211; S\u00e9ance extraordinaire du 28.03.2024<\/a><\/p>\n\n\n\n<p><a href=\"https:\/\/e-doc.univ-avignon.fr\/gouvernance\/wp-content\/uploads\/sites\/2\/2024\/07\/Deliberations-et-annexes-CAC-04.07.2024-e-Doc.zip\">D\u00e9lib\u00e9rations du CAC &#8211; S\u00e9ance du 04.07.2024<\/a><\/p>\n\n\n<p><a href=\"https:\/\/e-doc.univ-avignon.fr\/gouvernance\/wp-content\/uploads\/sites\/2\/2024\/10\/Deliberations-et-annexes-CAC-10.09.2024-e-Doc.zip\">D\u00e9lib\u00e9rations du CAC &#8211; S\u00e9ance du 10.09.2024<\/a><\/p>\n<p><a href=\"https:\/\/e-doc.univ-avignon.fr\/gouvernance\/wp-content\/uploads\/sites\/2\/2024\/12\/Deliberations-et-annexes-CAC-17.12.2024-e-Doc.zip\">D\u00e9lib\u00e9rations du CAC &#8211; S\u00e9ance du 17.12.2024<\/a><\/p>\n\n\n<h4 class=\"wp-block-heading\">2023<\/h4>\n\n\n\n<p><a href=\"https:\/\/e-doc.univ-avignon.fr\/gouvernance\/wp-content\/uploads\/sites\/2\/2023\/01\/Deliberations-et-annexes-CAC-05.01.2023.zip\">D\u00e9lib\u00e9rations du CAC &#8211; S\u00e9ance extraordinaire du 05.01.2023<\/a><\/p>\n\n\n\n<p><a href=\"https:\/\/e-doc.univ-avignon.fr\/gouvernance\/wp-content\/uploads\/sites\/2\/2023\/03\/Deliberation-et-annexe-CAC-13.02.2023.zip\">D\u00e9lib\u00e9rations du CAC &#8211; S\u00e9ance extraordinaire du 13.02.2023<\/a><\/p>\n\n\n\n<p><a href=\"https:\/\/e-doc.univ-avignon.fr\/gouvernance\/wp-content\/uploads\/sites\/2\/2023\/03\/Deliberations-et-annexes-CAC-02.03.2023-1.zip\">D\u00e9lib\u00e9rations du CAC &#8211; S\u00e9ance du 02.03.2023<\/a><\/p>\n\n\n\n<p><a href=\"https:\/\/e-doc.univ-avignon.fr\/gouvernance\/wp-content\/uploads\/sites\/2\/2023\/11\/Deliberations-et-annexes-CAC-26.10.2023-e-Doc.zip\" data-type=\"link\" data-id=\"https:\/\/e-doc.univ-avignon.fr\/gouvernance\/wp-content\/uploads\/sites\/2\/2023\/11\/Deliberations-et-annexes-CAC-26.10.2023-e-Doc.zip\">D\u00e9lib\u00e9rations du CAC &#8211; S\u00e9ance extraordinaire du 26.10.2023<\/a><\/p>\n\n\n\n<h4 class=\"wp-block-heading\" id=\"2022\">2022<\/h4>\n\n\n<p><a href=\"https:\/\/e-doc.univ-avignon.fr\/gouvernance\/wp-content\/uploads\/sites\/2\/2022\/02\/Deliberations-et-annexes-CAC-27.01.2022.zip\">D\u00e9lib\u00e9rations du CAC &#8211; S\u00e9ance du 27.01.2022<\/a><\/p>\n<p><a href=\"https:\/\/e-doc.univ-avignon.fr\/gouvernance\/wp-content\/uploads\/sites\/2\/2022\/06\/Deliberations-et-annexes-CAC-09.06.2022.zip\">D\u00e9lib\u00e9rations du CAC &#8211; S\u00e9ance du 09.06.2022<\/a><\/p>\n<p><a href=\"https:\/\/e-doc.univ-avignon.fr\/gouvernance\/wp-content\/uploads\/sites\/2\/2023\/01\/Deliberations-et-annexes-CAC-01.12.2022.zip\">D\u00e9lib\u00e9rations du CAC &#8211; S\u00e9ance du 01.12.2022<\/a><\/p>\n\n\n<h4 class=\"wp-block-heading\" id=\"2021\">2021<\/h4>\n\n\n\n<p><a href=\"https:\/\/e-doc.univ-avignon.fr\/gouvernance\/wp-content\/uploads\/sites\/2\/2021\/06\/Deliberations-et-annexes-CAC-10.06.2021.zip\">D\u00e9lib\u00e9rations du CAC &#8211; S\u00e9ance du 10.06.2021<\/a><\/p>\n\n\n\n<p><a href=\"https:\/\/e-doc.univ-avignon.fr\/gouvernance\/wp-content\/uploads\/sites\/2\/2021\/12\/Deliberations-et-annexes-CAC-2.12.2021.zip\">D\u00e9lib\u00e9rations du CAC &#8211; S\u00e9ance du 02.12.2021<\/a><\/p>\n\n\n\n<h4 class=\"wp-block-heading\" id=\"2020\">2020<\/h4>\n\n\n\n<p><a href=\"https:\/\/e-doc.univ-avignon.fr\/gouvernance\/wp-content\/uploads\/sites\/2\/2020\/06\/D\u00e9lib\u00e9rations-du-CAC-S\u00e9ance-du-28.05.2020.zip\">D\u00e9lib\u00e9rations du CAC &#8211; S\u00e9ance du 28.05.2020<\/a><\/p>\n\n\n<p><a href=\"https:\/\/e-doc.univ-avignon.fr\/gouvernance\/wp-content\/uploads\/sites\/2\/2020\/11\/Deliberations-et-annexes-CAC-1.10.2020.zip\">D\u00e9lib\u00e9rations du CAC &#8211; S\u00e9ance du 01.10.2020<\/a><\/p>\n<p><a href=\"https:\/\/e-doc.univ-avignon.fr\/gouvernance\/wp-content\/uploads\/sites\/2\/2021\/01\/Deliberations-et-annexes-CAC-1.12.2020.zip\">D\u00e9lib\u00e9rations du CAC &#8211; S\u00e9ance du 01.12.2020<\/a><\/p>\n\n\n<h4 class=\"wp-block-heading\" id=\"2019\"><strong>2019<\/strong><\/h4>\n\n\n<p><a href=\"https:\/\/e-doc.univ-avignon.fr\/gouvernance\/wp-content\/uploads\/sites\/2\/2020\/06\/S\u00e9ance-du-12.02.2019.zip\">D\u00e9lib\u00e9rations du CAC &#8211; S\u00e9ance-du-12.02.2019<\/a><\/p>\n<p><a href=\"https:\/\/e-doc.univ-avignon.fr\/gouvernance\/wp-content\/uploads\/sites\/2\/2020\/06\/S\u00e9ance-du-02.05.2019.zip\">D\u00e9lib\u00e9rations du CAC &#8211; S\u00e9ance-du-02.05.2019<\/a><\/p>\n\n\n<p><a href=\"https:\/\/e-doc.univ-avignon.fr\/gouvernance\/wp-content\/uploads\/sites\/2\/2020\/06\/S\u00e9ance-du-20.09.2019.zip\">D\u00e9lib\u00e9rations du CAC &#8211; S\u00e9ance-du-20.09.2019<\/a><\/p>\n\n\n\n<p><\/p>\n\n\n\n<h4 class=\"wp-block-heading\" id=\"2018\">2018<\/h4>\n\n\n<p><a href=\"https:\/\/e-doc.univ-avignon.fr\/gouvernance\/wp-content\/uploads\/sites\/2\/2020\/06\/S\u00e9ance-du-11.01.2018.zip\">D\u00e9lib\u00e9rations du CAC &#8211; S\u00e9ance-du-11.01.2018<\/a><\/p>\n<p><a href=\"https:\/\/e-doc.univ-avignon.fr\/gouvernance\/wp-content\/uploads\/sites\/2\/2020\/06\/S\u00e9ance-du-14.05.2018.zip\">D\u00e9lib\u00e9rations du CAC &#8211; S\u00e9ance-du-14.05.2018<\/a><\/p>\n<p><a href=\"https:\/\/e-doc.univ-avignon.fr\/gouvernance\/wp-content\/uploads\/sites\/2\/2020\/06\/S\u00e9ance-du-25.06.2018.zip\">D\u00e9lib\u00e9rations du CAC &#8211; S\u00e9ance-du-25.06.2018<\/a><\/p>\n<p><a href=\"https:\/\/e-doc.univ-avignon.fr\/gouvernance\/wp-content\/uploads\/sites\/2\/2020\/06\/S\u00e9ance-du-23.10.2018.zip\">D\u00e9lib\u00e9rations du CAC &#8211; S\u00e9ance-du-23.10.2018<\/a><\/p>\n<p><a href=\"https:\/\/e-doc.univ-avignon.fr\/gouvernance\/wp-content\/uploads\/sites\/2\/2020\/06\/S\u00e9ance-du-08.11.2018.zip\">D\u00e9lib\u00e9rations du CAC &#8211; S\u00e9ance-du-08.11.2018<\/a><\/p>\n<p><a href=\"https:\/\/e-doc.univ-avignon.fr\/gouvernance\/wp-content\/uploads\/sites\/2\/2020\/06\/S\u00e9ance-du-13.12.2018.zip\">D\u00e9lib\u00e9rations du CAC &#8211; S\u00e9ance-du-13.12.2018<\/a><\/p>","protected":false},"excerpt":{"rendered":"<p>2025 D\u00e9lib\u00e9rations du CAC &#8211; S\u00e9ance du 04.03.2025 D\u00e9lib\u00e9rations du CAC &#8211; S\u00e9ance du 24.06.2025 D\u00e9lib\u00e9rations du CAC \u2013 S\u00e9ance du 18.11.2025 D\u00e9lib\u00e9rations du CAC &#8211; S\u00e9ance du 16.12.2025 2024 D\u00e9lib\u00e9rations du CAC &#8211; S\u00e9ance du 25.01.2024 D\u00e9lib\u00e9rations du CAC &#8211; S\u00e9ance extraordinaire du 28.03.2024 D\u00e9lib\u00e9rations du CAC &#8211; S\u00e9ance du 04.07.2024 D\u00e9lib\u00e9rations du CAC &hellip; <a href=\"https:\/\/e-doc.univ-avignon.fr\/gouvernance\/gouvernance\/deliberations-du-cac\/\" class=\"more-link\">Continuer la lecture de <span class=\"screen-reader-text\">D\u00e9lib\u00e9rations du CAC<\/span><\/a><\/p>\n","protected":false},"author":20,"featured_media":0,"parent":4,"menu_order":0,"comment_status":"closed","ping_status":"closed","template":"","meta":{"footnotes":""},"class_list":["post-2575","page","type-page","status-publish","hentry"],"_links":{"self":[{"href":"https:\/\/e-doc.univ-avignon.fr\/gouvernance\/wp-json\/wp\/v2\/pages\/2575","targetHints":{"allow":["GET"]}}],"collection":[{"href":"https:\/\/e-doc.univ-avignon.fr\/gouvernance\/wp-json\/wp\/v2\/pages"}],"about":[{"href":"https:\/\/e-doc.univ-avignon.fr\/gouvernance\/wp-json\/wp\/v2\/types\/page"}],"author":[{"embeddable":true,"href":"https:\/\/e-doc.univ-avignon.fr\/gouvernance\/wp-json\/wp\/v2\/users\/20"}],"replies":[{"embeddable":true,"href":"https:\/\/e-doc.univ-avignon.fr\/gouvernance\/wp-json\/wp\/v2\/comments?post=2575"}],"version-history":[{"count":67,"href":"https:\/\/e-doc.univ-avignon.fr\/gouvernance\/wp-json\/wp\/v2\/pages\/2575\/revisions"}],"predecessor-version":[{"id":5884,"href":"https:\/\/e-doc.univ-avignon.fr\/gouvernance\/wp-json\/wp\/v2\/pages\/2575\/revisions\/5884"}],"up":[{"embeddable":true,"href":"https:\/\/e-doc.univ-avignon.fr\/gouvernance\/wp-json\/wp\/v2\/pages\/4"}],"wp:attachment":[{"href":"https:\/\/e-doc.univ-avignon.fr\/gouvernance\/wp-json\/wp\/v2\/media?parent=2575"}],"curies":[{"name":"wp","href":"https:\/\/api.w.org\/{rel}","templated":true}]}}