{"id":628,"date":"2016-05-12T07:06:40","date_gmt":"2016-05-12T06:06:40","guid":{"rendered":"http:\/\/e-doc.univ-avignon.fr\/gouvernance\/?page_id=628"},"modified":"2025-11-07T16:30:45","modified_gmt":"2025-11-07T15:30:45","slug":"composition-du-conseil-dadministration","status":"publish","type":"page","link":"https:\/\/e-doc.univ-avignon.fr\/gouvernance\/composition-du-conseil-dadministration\/","title":{"rendered":"Composition du CA"},"content":{"rendered":"<p><a href=\"https:\/\/e-doc.univ-avignon.fr\/gouvernance\/wp-content\/uploads\/sites\/2\/2025\/11\/CA_COMPOSITION-MAJ-07.11.2025.pdf\">Composition du Conseil d\u2019administration d\u2019Avignon Universit\u00e9 &#8211; MAJ 07.11.2025<\/a><\/p>\n<p><a href=\"https:\/\/e-doc.univ-avignon.fr\/gouvernance\/wp-content\/uploads\/sites\/2\/2023\/12\/Proces-verbal-reunion-membres-CA-du-23-novembre-2023.pdf\" target=\"_blank\" rel=\"noopener\">Proc\u00e8s-verbal de la r\u00e9union du 23 novembre 2023<\/a><\/p>\n\n\n<p><\/p>\n","protected":false},"excerpt":{"rendered":"<p>Composition du Conseil d\u2019administration d\u2019Avignon Universit\u00e9 &#8211; MAJ 07.11.2025 Proc\u00e8s-verbal de la r\u00e9union du 23 novembre 2023<\/p>\n","protected":false},"author":182,"featured_media":0,"parent":0,"menu_order":0,"comment_status":"closed","ping_status":"closed","template":"","meta":{"footnotes":""},"class_list":["post-628","page","type-page","status-publish","hentry"],"_links":{"self":[{"href":"https:\/\/e-doc.univ-avignon.fr\/gouvernance\/wp-json\/wp\/v2\/pages\/628","targetHints":{"allow":["GET"]}}],"collection":[{"href":"https:\/\/e-doc.univ-avignon.fr\/gouvernance\/wp-json\/wp\/v2\/pages"}],"about":[{"href":"https:\/\/e-doc.univ-avignon.fr\/gouvernance\/wp-json\/wp\/v2\/types\/page"}],"author":[{"embeddable":true,"href":"https:\/\/e-doc.univ-avignon.fr\/gouvernance\/wp-json\/wp\/v2\/users\/182"}],"replies":[{"embeddable":true,"href":"https:\/\/e-doc.univ-avignon.fr\/gouvernance\/wp-json\/wp\/v2\/comments?post=628"}],"version-history":[{"count":60,"href":"https:\/\/e-doc.univ-avignon.fr\/gouvernance\/wp-json\/wp\/v2\/pages\/628\/revisions"}],"predecessor-version":[{"id":5820,"href":"https:\/\/e-doc.univ-avignon.fr\/gouvernance\/wp-json\/wp\/v2\/pages\/628\/revisions\/5820"}],"wp:attachment":[{"href":"https:\/\/e-doc.univ-avignon.fr\/gouvernance\/wp-json\/wp\/v2\/media?parent=628"}],"curies":[{"name":"wp","href":"https:\/\/api.w.org\/{rel}","templated":true}]}}