{"id":949,"date":"2017-03-28T14:17:04","date_gmt":"2017-03-28T13:17:04","guid":{"rendered":"http:\/\/e-doc.univ-avignon.fr\/gouvernance\/?page_id=949"},"modified":"2026-01-19T14:53:52","modified_gmt":"2026-01-19T13:53:52","slug":"deliberations-de-la-cr","status":"publish","type":"page","link":"https:\/\/e-doc.univ-avignon.fr\/gouvernance\/deliberations-de-la-cr\/","title":{"rendered":"D\u00e9lib\u00e9rations de la CR"},"content":{"rendered":"\n<h3 class=\"wp-block-heading\">&gt; D\u00e9lib\u00e9rations de la CR pour l&rsquo;ann\u00e9e 2025<\/h3>\n\n\n\n\n\n<ul class=\"wp-block-list\">\n<li><a href=\"https:\/\/e-doc.univ-avignon.fr\/gouvernance\/wp-content\/uploads\/sites\/2\/2026\/01\/DELIBERTIONS-ET-ANNEXES.zip\">D\u00e9lib\u00e9rations de la CR &#8211; S\u00e9ance du 11.12.2025<\/a><\/li>\n\n\n\n<li><a href=\"https:\/\/e-doc.univ-avignon.fr\/gouvernance\/wp-content\/uploads\/sites\/2\/2026\/01\/DELIBERATIONS-ET-ANNEXES-2.zip\">D\u00e9lib\u00e9rations de la CR &#8211; S\u00e9ance du 10.11.2025<\/a><\/li>\n\n\n\n<li><a href=\"https:\/\/e-doc.univ-avignon.fr\/gouvernance\/wp-content\/uploads\/sites\/2\/2026\/01\/DELIBERATIONS-ET-ANNEXES-1.zip\">D\u00e9lib\u00e9rations de la CR &#8211; S\u00e9ance du 16.10.2025<\/a><\/li>\n\n\n\n<li><a href=\"https:\/\/e-doc.univ-avignon.fr\/gouvernance\/wp-content\/uploads\/sites\/2\/2026\/01\/DELIBERATIONS-ET-ANNEXE.zip\">D\u00e9lib\u00e9rations de la CR &#8211; S\u00e9ance du 18.09.2025<\/a><\/li>\n\n\n\n<li><a href=\"https:\/\/e-doc.univ-avignon.fr\/gouvernance\/wp-content\/uploads\/sites\/2\/2026\/01\/DELIBERATIONS-ET-ANNEXES.zip\">D\u00e9lib\u00e9rations de la CR &#8211; S\u00e9ance du 12.03.2025<\/a><\/li>\n\n\n\n<li><a href=\"https:\/\/e-doc.univ-avignon.fr\/gouvernance\/wp-content\/uploads\/sites\/2\/2025\/08\/DELIBERATIONS-ET-ANNEXES.zip\">D\u00e9lib\u00e9rations de la CR &#8211; S\u00e9ance du 15.05.2025<\/a><\/li>\n\n\n\n<li><a href=\"https:\/\/e-doc.univ-avignon.fr\/gouvernance\/wp-content\/uploads\/sites\/2\/2025\/04\/DELIBERATIONS-ET-ANNEXES-4.zip\">D\u00e9lib\u00e9rations de la CR &#8211; S\u00e9ance du 10.04.2025<\/a><\/li>\n\n\n\n<li><a href=\"https:\/\/e-doc.univ-avignon.fr\/gouvernance\/wp-content\/uploads\/sites\/2\/2025\/04\/DELIBERATIONS-ET-ANNEXES-2.zip\">D\u00e9lib\u00e9rations de la CR &#8211; S\u00e9ance du 20.03.2025<\/a><\/li>\n\n\n\n<li><a href=\"https:\/\/e-doc.univ-avignon.fr\/gouvernance\/wp-content\/uploads\/sites\/2\/2025\/02\/DELIBERATIONS-ET-ANNEXES-1.7z\">D\u00e9lib\u00e9rations de la CR &#8211; S\u00e9ance du 13.02.2025<\/a><\/li>\n\n\n\n<li><a href=\"https:\/\/e-doc.univ-avignon.fr\/gouvernance\/wp-content\/uploads\/sites\/2\/2025\/02\/DELIBERATIONS-ET-ANNEXES.7z\">D\u00e9lib\u00e9rations de la CR &#8211; S\u00e9ance du 16.01.2025<\/a><\/li>\n<\/ul>\n\n\n\n<h3 class=\"wp-block-heading\">&gt; D\u00e9lib\u00e9rations de la CR pour l&rsquo;ann\u00e9e 2024<\/h3>\n\n\n\n<ul class=\"wp-block-list\">\n<li><a href=\"https:\/\/e-doc.univ-avignon.fr\/gouvernance\/wp-content\/uploads\/sites\/2\/2024\/03\/Deliberations-en-Annexes-CR-8-fevrier-2024.zip\">D\u00e9lib\u00e9rations de la CR &#8211; S\u00e9ance du 08.02.2024<\/a><\/li>\n\n\n\n<li><a href=\"https:\/\/e-doc.univ-avignon.fr\/gouvernance\/wp-content\/uploads\/sites\/2\/2024\/03\/Deliberations-en-annexes-CR-du-22-fevrier-2024.zip\">D\u00e9lib\u00e9rations de la CR &#8211; S\u00e9ance du 22.02.2024<\/a><\/li>\n\n\n\n<li><a href=\"https:\/\/e-doc.univ-avignon.fr\/gouvernance\/wp-content\/uploads\/sites\/2\/2024\/04\/CR-21-mars-2024-Deliberations-en-Annexes.zip\">D\u00e9lib\u00e9rations de la CR &#8211; S\u00e9ance du 21.03.2024<\/a><\/li>\n\n\n\n<li><a href=\"https:\/\/e-doc.univ-avignon.fr\/gouvernance\/wp-content\/uploads\/sites\/2\/2024\/05\/CR-du-18.04.2024-Deliberations-et-annexes.zip\">D\u00e9lib\u00e9rations de la CR &#8211; S\u00e9ance du 18.04.2024<\/a><\/li>\n\n\n\n<li><a href=\"https:\/\/e-doc.univ-avignon.fr\/gouvernance\/wp-content\/uploads\/sites\/2\/2024\/06\/Deliberations-et-Annexes-CR-23-mai-2024.zip\">D\u00e9lib\u00e9rations de la CR &#8211; S\u00e9ance du 23.05.2024<\/a><\/li>\n\n\n\n<li><a href=\"https:\/\/e-doc.univ-avignon.fr\/gouvernance\/wp-content\/uploads\/sites\/2\/2024\/07\/deliberations-et-annexes.zip\">D\u00e9lib\u00e9rations de la CR &#8211; S\u00e9ance du 20.06.2024<\/a><\/li>\n\n\n\n<li><a href=\"https:\/\/e-doc.univ-avignon.fr\/gouvernance\/wp-content\/uploads\/sites\/2\/2024\/11\/deliberations-et-annexes-CR-19sept.2024.zip\">D\u00e9lib\u00e9rations de la CR &#8211; S\u00e9ance du 19.09.2024<\/a><\/li>\n\n\n\n<li><a href=\"https:\/\/e-doc.univ-avignon.fr\/gouvernance\/wp-content\/uploads\/sites\/2\/2024\/12\/Deliberations-et-annexes-CR-17-octobre-2024.zip\">D\u00e9lib\u00e9rations de la CR &#8211; S\u00e9ance du 17.10.2024<\/a><\/li>\n\n\n\n<li><a href=\"https:\/\/e-doc.univ-avignon.fr\/gouvernance\/wp-content\/uploads\/sites\/2\/2024\/12\/Deliberations-de-la-CR-Seance-du-14.11.2024.zip\" data-type=\"attachment\" data-id=\"5397\">D\u00e9lib\u00e9rations de la CR &#8211; S\u00e9ance du 14.11.2024<\/a><\/li>\n\n\n\n<li><a href=\"https:\/\/e-doc.univ-avignon.fr\/gouvernance\/wp-content\/uploads\/sites\/2\/2024\/12\/DELIBERATIONS-ET-ANNEXES-7.7z\">D\u00e9lib\u00e9rations de la CR &#8211; S\u00e9ance du 05.12.2024<\/a><\/li>\n<\/ul>\n\n\n\n<h3 class=\"wp-block-heading\">&gt; D\u00e9lib\u00e9rations de la CR pour l&rsquo;ann\u00e9e 2023<\/h3>\n\n\n\n<ul class=\"wp-block-list\">\n<li><a href=\"https:\/\/e-doc.univ-avignon.fr\/gouvernance\/wp-content\/uploads\/sites\/2\/2023\/01\/Deliberations-et-annexes.zip\">D\u00e9lib\u00e9rations de la CR &#8211; S\u00e9ance du 12.01.2023<\/a><\/li>\n\n\n\n<li><a href=\"https:\/\/e-doc.univ-avignon.fr\/gouvernance\/wp-content\/uploads\/sites\/2\/2024\/03\/Deliberations-et-annexes-CR-du-9-fevrier-2023.zip\">D\u00e9lib\u00e9rations de la CR &#8211; S\u00e9ance du 09.02.2023<\/a><\/li>\n\n\n\n<li><a href=\"https:\/\/e-doc.univ-avignon.fr\/gouvernance\/wp-content\/uploads\/sites\/2\/2024\/03\/Deliberations-et-annexes-CR-du-9-mars-2023.zip\">D\u00e9lib\u00e9rations de la CR &#8211; S\u00e9ance du 09.03.2023<\/a><\/li>\n\n\n\n<li><a href=\"https:\/\/e-doc.univ-avignon.fr\/gouvernance\/wp-content\/uploads\/sites\/2\/2024\/03\/CR-du-13-avril-2023-Deliberations-et-annexes.zip\">D\u00e9lib\u00e9rations de la CR &#8211; S\u00e9ance du 13.04.2023<\/a><\/li>\n\n\n\n<li><a href=\"https:\/\/e-doc.univ-avignon.fr\/gouvernance\/wp-content\/uploads\/sites\/2\/2024\/03\/CR-du-11-mai-2023-Deliberations-et-annexes.zip\">D\u00e9lib\u00e9rations de la CR &#8211; S\u00e9ance du 11.05.2023<\/a><\/li>\n\n\n\n<li><a href=\"https:\/\/e-doc.univ-avignon.fr\/gouvernance\/wp-content\/uploads\/sites\/2\/2024\/03\/Deliberations-et-annexes-CR-du-23-juin-2022.zip\">D\u00e9lib\u00e9rations de la CR &#8211; S\u00e9ance du 15.06.2023<\/a><\/li>\n\n\n\n<li><a href=\"https:\/\/e-doc.univ-avignon.fr\/gouvernance\/wp-content\/uploads\/sites\/2\/2024\/03\/Deliberation-et-annexes-CR-du-21-septembre-2023.zip\">D\u00e9lib\u00e9rations de la CR &#8211; S\u00e9ance du 21.09.2023<\/a><\/li>\n\n\n\n<li><a href=\"https:\/\/e-doc.univ-avignon.fr\/gouvernance\/wp-content\/uploads\/sites\/2\/2024\/03\/Deliberations-et-Annexes-CR-du-12-octobre-2023.zip\">D\u00e9lib\u00e9rations de la CR &#8211; S\u00e9ance du 12.10.2023<\/a><\/li>\n<\/ul>\n\n\n\n<h3 class=\"wp-block-heading\" id=\"deliberations-de-la-cr-pour-l-annee-2022\">&gt; D\u00e9lib\u00e9rations de la CR pour l&rsquo;ann\u00e9e 2022<\/h3>\n\n\n\n<ul class=\"wp-block-list\">\n<li><a href=\"https:\/\/e-doc.univ-avignon.fr\/gouvernance\/wp-content\/uploads\/sites\/2\/2022\/02\/Deliberations-et-annexes-CR-20.01.2022.zip\" data-type=\"URL\" data-id=\"https:\/\/e-doc.univ-avignon.fr\/gouvernance\/wp-content\/uploads\/sites\/2\/2022\/02\/Deliberations-et-annexes-CR-20.01.2022.zip\">D\u00e9lib\u00e9rations de la CR &#8211; S\u00e9ance du 20.01.2022<\/a><\/li>\n\n\n\n<li><a href=\"https:\/\/e-doc.univ-avignon.fr\/gouvernance\/wp-content\/uploads\/sites\/2\/2022\/03\/Deliberations-et-annexes-CR-10.02.2022.zip\">D\u00e9lib\u00e9rations de la CR &#8211; S\u00e9ance du 10.02.2022<\/a><\/li>\n\n\n\n<li><a href=\"https:\/\/e-doc.univ-avignon.fr\/gouvernance\/wp-content\/uploads\/sites\/2\/2022\/03\/deliberations-et-annexes.zip\">D\u00e9lib\u00e9rations de la CR &#8211; S\u00e9ance du 17.03.2022<\/a><\/li>\n\n\n\n<li><a href=\"https:\/\/e-doc.univ-avignon.fr\/gouvernance\/wp-content\/uploads\/sites\/2\/2022\/05\/Deliberations-et-annexes-2.zip\">D\u00e9lib\u00e9rations de la CR &#8211; S\u00e9ance du 14.04.2022<\/a><\/li>\n\n\n\n<li><a href=\"https:\/\/e-doc.univ-avignon.fr\/gouvernance\/wp-content\/uploads\/sites\/2\/2022\/06\/Deliberations.zip\">D\u00e9lib\u00e9rations de la CR &#8211; S\u00e9ance du 02.06.2022<\/a><\/li>\n\n\n\n<li><a href=\"https:\/\/e-doc.univ-avignon.fr\/gouvernance\/wp-content\/uploads\/sites\/2\/2022\/06\/Annexes-2022-32.zip\">Annexes d\u00e9lib\u00e9rations n\u00b02022-32 Auto-\u00e9valuation des unit\u00e9s de recherche &#8211; HCERES<\/a><\/li>\n\n\n\n<li><a href=\"https:\/\/e-doc.univ-avignon.fr\/gouvernance\/wp-content\/uploads\/sites\/2\/2024\/03\/Deliberations-et-annexes-CR-du-23-juin-2022.zip\">D\u00e9lib\u00e9rations de la CR &#8211; S\u00e9ances du 23.06.2022<\/a><\/li>\n\n\n\n<li><a href=\"https:\/\/e-doc.univ-avignon.fr\/gouvernance\/wp-content\/uploads\/sites\/2\/2022\/10\/Deliberations-et-annexe.zip\">D\u00e9lib\u00e9rations de la CR &#8211; S\u00e9ances du 29.09.2022<\/a><\/li>\n\n\n\n<li><a href=\"https:\/\/e-doc.univ-avignon.fr\/gouvernance\/wp-content\/uploads\/sites\/2\/2022\/11\/Deliberations-et-annexes.zip\">D\u00e9lib\u00e9rations de la CR &#8211; S\u00e9ance du 20.10.2022<\/a><\/li>\n\n\n\n<li><a href=\"https:\/\/e-doc.univ-avignon.fr\/gouvernance\/wp-content\/uploads\/sites\/2\/2022\/11\/Annexes-et-Deliberations.zip\">D\u00e9lib\u00e9rations de la CR &#8211; S\u00e9ance du 10.11.2022<\/a><\/li>\n\n\n\n<li><a href=\"https:\/\/e-doc.univ-avignon.fr\/gouvernance\/wp-content\/uploads\/sites\/2\/2024\/03\/Deliberations-et-annexes-CR-du-1er-decembre-2022.zip\">D\u00e9lib\u00e9rations de la CR &#8211; S\u00e9ance du 01.12.2022<\/a><\/li>\n<\/ul>\n\n\n\n<h3 class=\"wp-block-heading\" id=\"deliberations-de-la-cr-pour-l-annee-2021\">&gt; D\u00e9lib\u00e9rations de la CR pour l&rsquo;ann\u00e9e 2021<\/h3>\n\n\n\n<ul class=\"wp-block-list\">\n<li><a href=\"https:\/\/e-doc.univ-avignon.fr\/gouvernance\/wp-content\/uploads\/sites\/2\/2021\/01\/CR-mises-en-ligne.zip\">D\u00e9lib\u00e9rations de la CR &#8211; S\u00e9ance du 14.01.2021<\/a><\/li>\n\n\n\n<li><a href=\"https:\/\/e-doc.univ-avignon.fr\/gouvernance\/wp-content\/uploads\/sites\/2\/2021\/02\/Mise-en-ligne-deliberations.zip\">D\u00e9lib\u00e9rations de la CR &#8211; S\u00e9ance du 11.02.2021<\/a><\/li>\n\n\n\n<li><a href=\"https:\/\/e-doc.univ-avignon.fr\/gouvernance\/wp-content\/uploads\/sites\/2\/2021\/03\/Mise-en-ligne.zip\">D\u00e9lib\u00e9rations de la CR &#8211; S\u00e9ance du 11.03.2021<\/a><\/li>\n\n\n\n<li><a href=\"https:\/\/e-doc.univ-avignon.fr\/gouvernance\/wp-content\/uploads\/sites\/2\/2021\/04\/Mise-en-ligne.zip\">D\u00e9lib\u00e9rations de la CR &#8211; S\u00e9ance du 15.04.2021<\/a><\/li>\n\n\n\n<li><a href=\"https:\/\/e-doc.univ-avignon.fr\/gouvernance\/wp-content\/uploads\/sites\/2\/2021\/06\/Mise-en-ligne.zip\">D\u00e9lib\u00e9rations de la CR &#8211; S\u00e9ance du 27.05.2021<\/a><\/li>\n\n\n\n<li><a href=\"https:\/\/e-doc.univ-avignon.fr\/gouvernance\/wp-content\/uploads\/sites\/2\/2021\/07\/Mise-en-ligne-deliberations.zip\">D\u00e9lib\u00e9rations de la CR &#8211; S\u00e9ance du 24.06.2021<\/a><\/li>\n\n\n\n<li><a href=\"https:\/\/e-doc.univ-avignon.fr\/gouvernance\/wp-content\/uploads\/sites\/2\/2021\/09\/Deliberations-et-annexes-CR-16-septembre-2021-1.zip\">D\u00e9lib\u00e9rations de la CR &#8211; S\u00e9ance du 16.09.2021<\/a><\/li>\n\n\n\n<li><a href=\"https:\/\/e-doc.univ-avignon.fr\/gouvernance\/wp-content\/uploads\/sites\/2\/2021\/10\/Deliberations-CR-du-14-octobre-2021.7z\">D\u00e9lib\u00e9rations de la CR &#8211; S\u00e9ance du 14.10.2021<\/a><\/li>\n\n\n\n<li><a href=\"https:\/\/e-doc.univ-avignon.fr\/gouvernance\/wp-content\/uploads\/sites\/2\/2021\/12\/Deliberation.zip\">D\u00e9lib\u00e9rations de la CR &#8211; S\u00e9ance du 15.11.2021<\/a><\/li>\n\n\n\n<li><a href=\"https:\/\/e-doc.univ-avignon.fr\/gouvernance\/wp-content\/uploads\/sites\/2\/2022\/02\/CR-9.12.2021-Deliberations-et-annexes.zip\">D\u00e9lib\u00e9rations de la CR &#8211; S\u00e9ance du 09.12.2021<\/a><\/li>\n<\/ul>\n\n\n<h3>&gt; D\u00e9lib\u00e9rations de la CR pour l&rsquo;ann\u00e9e 2020<\/h3>\n<ul>\n<li><a href=\"https:\/\/e-doc.univ-avignon.fr\/gouvernance\/wp-content\/uploads\/sites\/2\/2020\/01\/D\u00e9lib\u00e9ration-et-annexe-CR-09.01.2020.pdf\">D\u00e9lib\u00e9ration de la CR &#8211; S\u00e9ance du 09.01.2020<\/a><\/li>\n<li><a href=\"https:\/\/e-doc.univ-avignon.fr\/gouvernance\/wp-content\/uploads\/sites\/2\/2020\/01\/D\u00e9lib\u00e9rations-\u00e0-mettre-en-ligne.zip\">D\u00e9lib\u00e9rations de la CR &#8211; S\u00e9ance du 16.01.2020<\/a><\/li>\n<li><a href=\"https:\/\/e-doc.univ-avignon.fr\/gouvernance\/wp-content\/uploads\/sites\/2\/2020\/02\/Mise-en-ligne-e-doc-d\u00e9lib\u00e9rations.zip\">D\u00e9lib\u00e9rations de la CR &#8211; S\u00e9ance du 06.02.2020<\/a><\/li>\n<li><a href=\"https:\/\/e-doc.univ-avignon.fr\/gouvernance\/wp-content\/uploads\/sites\/2\/2020\/03\/Mise-en-ligne-e-Doc-d\u00e9lib\u00e9rations.zip\">D\u00e9lib\u00e9rations de la CR &#8211; S\u00e9ance du 06.03.2020<\/a><\/li>\n<li><a href=\"https:\/\/e-doc.univ-avignon.fr\/gouvernance\/wp-content\/uploads\/sites\/2\/2020\/06\/Mise-en-ligne-E-DOC-S\u00e9ance-du-27-mai-2020.zip\">D\u00e9lib\u00e9rations de la CR &#8211; S\u00e9ance du 27.05.2020<\/a><\/li>\n<li><a href=\"https:\/\/e-doc.univ-avignon.fr\/gouvernance\/wp-content\/uploads\/sites\/2\/2020\/07\/Mise-en-ligne-e-DOC.zip\">D\u00e9lib\u00e9rations de la CR &#8211; S\u00e9ance du 25.06.2020<\/a><\/li>\n<li><a href=\"https:\/\/e-doc.univ-avignon.fr\/gouvernance\/wp-content\/uploads\/sites\/2\/2020\/09\/Mise-en-ligne-CR-10.09.2020.zip\">D\u00e9lib\u00e9rations de la CR &#8211; S\u00e9ance du 10.09.2020<\/a><\/li>\n<li><a href=\"https:\/\/e-doc.univ-avignon.fr\/gouvernance\/wp-content\/uploads\/sites\/2\/2022\/03\/Mise-en-ligne-E-Doc-deliberations.zip\">D\u00e9lib\u00e9rations de la CR &#8211; S\u00e9ance du 22.10.2020<\/a><\/li>\n<li><a href=\"https:\/\/e-doc.univ-avignon.fr\/gouvernance\/wp-content\/uploads\/sites\/2\/2020\/11\/CR-12.11.2020_mise-en-ligne.zip\">D\u00e9lib\u00e9rations de la CR &#8211; S\u00e9ance du 12.11.2020<\/a><\/li>\n<li><a href=\"https:\/\/e-doc.univ-avignon.fr\/gouvernance\/wp-content\/uploads\/sites\/2\/2020\/12\/Mise-en-ligne.zip\">D\u00e9lib\u00e9rations de la CR &#8211; S\u00e9ance du 3.12.2020<\/a><\/li>\n<\/ul>\n<h3>&gt; D\u00e9lib\u00e9rations de la CR pour l&rsquo;ann\u00e9e 2019<\/h3>\n<ul>\n<li><a href=\"https:\/\/e-doc.univ-avignon.fr\/gouvernance\/wp-content\/uploads\/sites\/2\/2019\/10\/CR-17.01.2019_Contr\u00f4le-de-l\u00e9galit\u00e9.zip\">D\u00e9lib\u00e9ration de la CR &#8211; S\u00e9ance du 17.01.2019<\/a><\/li>\n<li><a href=\"https:\/\/e-doc.univ-avignon.fr\/gouvernance\/wp-content\/uploads\/sites\/2\/2019\/10\/D\u00e9lib\u00e9rations-de-la-CR-S\u00e9ance-du-07.02.2019-1.zip\">D\u00e9lib\u00e9rations de la CR-S\u00e9ance du 07.02.2019<\/a><\/li>\n<li><a href=\"https:\/\/e-doc.univ-avignon.fr\/gouvernance\/wp-content\/uploads\/sites\/2\/2019\/10\/CR-28.02.2019_Contr\u00f4le-de-l\u00e9galit\u00e9.zip\">D\u00e9lib\u00e9rations de la CR &#8211; S\u00e9ance du 28.02.2019<\/a><\/li>\n<li><a href=\"https:\/\/e-doc.univ-avignon.fr\/gouvernance\/wp-content\/uploads\/sites\/2\/2019\/10\/Documents-CR-21-mars-2019.zip\">D\u00e9lib\u00e9rations de la CR &#8211; S\u00e9ance du 21.03.2019<\/a><\/li>\n<li><a href=\"https:\/\/e-doc.univ-avignon.fr\/gouvernance\/wp-content\/uploads\/sites\/2\/2019\/10\/CR-2-mai-2019-mise-en-ligne.zip\">D\u00e9lib\u00e9rations de la CR &#8211; S\u00e9ance du 02.05.2019<\/a><\/li>\n<li><a href=\"https:\/\/e-doc.univ-avignon.fr\/gouvernance\/wp-content\/uploads\/sites\/2\/2019\/10\/Documents-CR-6-juin-mise-en-ligne.zip\">D\u00e9lib\u00e9rations de la CR &#8211; S\u00e9ance du 06.06.2019<\/a><\/li>\n<li><a href=\"https:\/\/e-doc.univ-avignon.fr\/gouvernance\/wp-content\/uploads\/sites\/2\/2019\/10\/D\u00e9lib\u00e9rations-CR-4-juillet-mise-en-ligne.zip\">D\u00e9lib\u00e9rations de la CR &#8211; S\u00e9ance du 4.07.2019<\/a><\/li>\n<li><a href=\"https:\/\/e-doc.univ-avignon.fr\/gouvernance\/wp-content\/uploads\/sites\/2\/2019\/09\/D\u00e9lib\u00e9rations-de-la-CR-\u2013-S\u00e9ance-du-12.09.2019-1.zip\">D\u00e9lib\u00e9rations de la CR \u2013 S\u00e9ance du 12.09.2019<\/a><\/li>\n<li><a href=\"https:\/\/e-doc.univ-avignon.fr\/gouvernance\/wp-content\/uploads\/sites\/2\/2019\/10\/Mise-en-ligne-CR-10.10.2019.zip\">D\u00e9lib\u00e9rations de la CR &#8211; S\u00e9ance du 10.10.2019<\/a><\/li>\n<\/ul>\n<h3>&gt; D\u00e9lib\u00e9rations de la CR pour l&rsquo;ann\u00e9e 2018<\/h3>\n<ul>\n<li><a href=\"http:\/\/e-doc.univ-avignon.fr\/gouvernance\/wp-content\/uploads\/sites\/2\/2018\/03\/CR-8-mars-2018-D\u00e9lib\u00e9rations.zip\">D\u00e9lib\u00e9rations de la CR &#8211; S\u00e9ance du 8 mars 2018<\/a><\/li>\n<li><a href=\"http:\/\/e-doc.univ-avignon.fr\/gouvernance\/wp-content\/uploads\/sites\/2\/2018\/03\/DELIB-CR-2018-016_D\u00e9lib\u00e9ration_pt-4_CR_22.03.2018_Demande_mobilite_entrante_longue_duree_2018-1.pdf.zip\">D\u00e9lib\u00e9ration de la CR &#8211; S\u00e9ance du 22 mars 2018<\/a><\/li>\n<li><a href=\"http:\/\/e-doc.univ-avignon.fr\/gouvernance\/wp-content\/uploads\/sites\/2\/2018\/04\/CR-12-04-2018-D\u00e9lib\u00e9rations.zip\">D\u00e9lib\u00e9rations de la CR &#8211; S\u00e9ance du 12 avril 2018<\/a><\/li>\n<li><a href=\"http:\/\/e-doc.univ-avignon.fr\/gouvernance\/wp-content\/uploads\/sites\/2\/2018\/05\/CR-du-03.05.18-D\u00e9lib\u00e9rations.zip\">D\u00e9lib\u00e9rations de la CR &#8211; S\u00e9ance du 3 mai 2018<\/a><\/li>\n<li><a href=\"https:\/\/e-doc.univ-avignon.fr\/gouvernance\/wp-content\/uploads\/sites\/2\/2018\/09\/CR-du-24.05.18-D\u00e9lib\u00e9rations.zip\">D\u00e9lib\u00e9rations de la CR &#8211; S\u00e9ance du 24 mai 2018<\/a><\/li>\n<li><a href=\"https:\/\/e-doc.univ-avignon.fr\/gouvernance\/wp-content\/uploads\/sites\/2\/2018\/09\/CR-du-14.06.18-D\u00e9lib\u00e9rations.zip\">D\u00e9lib\u00e9rations de la CR &#8211; S\u00e9ance du 14 juin 2018<\/a><\/li>\n<li><a href=\"https:\/\/e-doc.univ-avignon.fr\/gouvernance\/wp-content\/uploads\/sites\/2\/2018\/12\/D\u00e9lib\u00e9ration-CR-20.09.2018_e-Doc.zip\">D\u00e9lib\u00e9ration de la CR &#8211; S\u00e9ance du 20 septembre 2018<\/a><\/li>\n<li><a href=\"https:\/\/e-doc.univ-avignon.fr\/gouvernance\/wp-content\/uploads\/sites\/2\/2018\/12\/D\u00e9lib\u00e9rations_CR-18.10.2018_e-Doc.zip\">D\u00e9lib\u00e9rations de la CR &#8211; S\u00e9ance du 18 octobre 2018<\/a><\/li>\n<li><a href=\"https:\/\/e-doc.univ-avignon.fr\/gouvernance\/wp-content\/uploads\/sites\/2\/2019\/01\/D\u00e9lib\u00e9rations_CR-15.11.2018.zip\">D\u00e9lib\u00e9rations de la CR &#8211; S\u00e9ance du 15 novembre 2018<\/a><\/li>\n<li><a href=\"https:\/\/e-doc.univ-avignon.fr\/gouvernance\/wp-content\/uploads\/sites\/2\/2019\/01\/D\u00e9lib\u00e9rations-CR-13.12.2018.zip\">D\u00e9lib\u00e9rations de la CR &#8211; S\u00e9ance du 13 d\u00e9cembre 2018<\/a><\/li>\n<\/ul>\n<h3>&gt; D\u00e9lib\u00e9rations de la CR pour l&rsquo;ann\u00e9e 2017<\/h3>\n<ul>\n<li><a href=\"http:\/\/e-doc.univ-avignon.fr\/gouvernance\/wp-content\/uploads\/sites\/2\/2018\/02\/CR-2-mars-2017-D\u00e9lib\u00e9rations.zip\">D\u00e9lib\u00e9rations de la CR &#8211; S\u00e9ance du 2 mars 2017<\/a><\/li>\n<li><a href=\"http:\/\/e-doc.univ-avignon.fr\/gouvernance\/wp-content\/uploads\/sites\/2\/2018\/02\/CR-6-avril-2017-D\u00e9lib\u00e9rations.zip\">D\u00e9lib\u00e9rations de la CR &#8211; S\u00e9ance du 6 avril 2017<\/a><\/li>\n<li><a href=\"http:\/\/e-doc.univ-avignon.fr\/gouvernance\/wp-content\/uploads\/sites\/2\/2018\/02\/CR-3-mai-2017-D\u00e9lib\u00e9rations.zip\">D\u00e9lib\u00e9rations de la CR &#8211; S\u00e9ance du 3 mai 2017<\/a><\/li>\n<li><a href=\"http:\/\/e-doc.univ-avignon.fr\/gouvernance\/wp-content\/uploads\/sites\/2\/2018\/02\/CR-18-mai-2017-D\u00e9lib\u00e9ration.zip\">D\u00e9lib\u00e9ration de la CR &#8211; S\u00e9ance du 18 mai 2017<\/a><\/li>\n<li><a href=\"http:\/\/e-doc.univ-avignon.fr\/gouvernance\/wp-content\/uploads\/sites\/2\/2018\/02\/CR-8-juin-2017-D\u00e9lib\u00e9rations.zip\">D\u00e9lib\u00e9rations de la CR &#8211; S\u00e9ance du 8 juin 2017<\/a><\/li>\n<li><a href=\"http:\/\/e-doc.univ-avignon.fr\/gouvernance\/wp-content\/uploads\/sites\/2\/2018\/02\/CR-28-septembre-2017-D\u00e9lib\u00e9rations.zip\">D\u00e9lib\u00e9rations de la CR &#8211; S\u00e9ance du 28 septembre 2017<\/a><\/li>\n<li><a href=\"http:\/\/e-doc.univ-avignon.fr\/gouvernance\/wp-content\/uploads\/sites\/2\/2018\/02\/CR-19-octobre-2017-D\u00e9lib\u00e9rations.zip\">D\u00e9lib\u00e9rations de la CR &#8211; S\u00e9ance du 19 octobre 2017<\/a><\/li>\n<li><a href=\"http:\/\/e-doc.univ-avignon.fr\/gouvernance\/wp-content\/uploads\/sites\/2\/2018\/02\/CR-23-novembre-2017-D\u00e9lib\u00e9rations.zip\">D\u00e9lib\u00e9rations de la CR &#8211; S\u00e9ance du 23 novembre 2017<\/a><\/li>\n<li><a href=\"http:\/\/e-doc.univ-avignon.fr\/gouvernance\/wp-content\/uploads\/sites\/2\/2018\/02\/14-d\u00e9cembre-2017-D\u00e9lib\u00e9rations.zip\">D\u00e9lib\u00e9rations<\/a><a href=\"http:\/\/e-doc.univ-avignon.fr\/gouvernance\/wp-content\/uploads\/sites\/2\/2018\/02\/14-d\u00e9cembre-2017-D\u00e9lib\u00e9rations.zip\"> de la CR &#8211; S\u00e9ance du 14 d\u00e9cembre 2017<\/a><\/li>\n<\/ul>","protected":false},"excerpt":{"rendered":"<p>&gt; D\u00e9lib\u00e9rations de la CR pour l&rsquo;ann\u00e9e 2025 &gt; D\u00e9lib\u00e9rations de la CR pour l&rsquo;ann\u00e9e 2024 &gt; D\u00e9lib\u00e9rations de la CR pour l&rsquo;ann\u00e9e 2023 &gt; D\u00e9lib\u00e9rations de la CR pour l&rsquo;ann\u00e9e 2022 &gt; D\u00e9lib\u00e9rations de la CR pour l&rsquo;ann\u00e9e 2021 &gt; D\u00e9lib\u00e9rations de la CR pour l&rsquo;ann\u00e9e 2020 D\u00e9lib\u00e9ration de la CR &#8211; S\u00e9ance du &hellip; <a href=\"https:\/\/e-doc.univ-avignon.fr\/gouvernance\/deliberations-de-la-cr\/\" class=\"more-link\">Continuer la lecture de <span class=\"screen-reader-text\">D\u00e9lib\u00e9rations de la CR<\/span><\/a><\/p>\n","protected":false},"author":68,"featured_media":0,"parent":0,"menu_order":0,"comment_status":"closed","ping_status":"closed","template":"","meta":{"footnotes":""},"class_list":["post-949","page","type-page","status-publish","hentry"],"_links":{"self":[{"href":"https:\/\/e-doc.univ-avignon.fr\/gouvernance\/wp-json\/wp\/v2\/pages\/949","targetHints":{"allow":["GET"]}}],"collection":[{"href":"https:\/\/e-doc.univ-avignon.fr\/gouvernance\/wp-json\/wp\/v2\/pages"}],"about":[{"href":"https:\/\/e-doc.univ-avignon.fr\/gouvernance\/wp-json\/wp\/v2\/types\/page"}],"author":[{"embeddable":true,"href":"https:\/\/e-doc.univ-avignon.fr\/gouvernance\/wp-json\/wp\/v2\/users\/68"}],"replies":[{"embeddable":true,"href":"https:\/\/e-doc.univ-avignon.fr\/gouvernance\/wp-json\/wp\/v2\/comments?post=949"}],"version-history":[{"count":142,"href":"https:\/\/e-doc.univ-avignon.fr\/gouvernance\/wp-json\/wp\/v2\/pages\/949\/revisions"}],"predecessor-version":[{"id":5906,"href":"https:\/\/e-doc.univ-avignon.fr\/gouvernance\/wp-json\/wp\/v2\/pages\/949\/revisions\/5906"}],"wp:attachment":[{"href":"https:\/\/e-doc.univ-avignon.fr\/gouvernance\/wp-json\/wp\/v2\/media?parent=949"}],"curies":[{"name":"wp","href":"https:\/\/api.w.org\/{rel}","templated":true}]}}