{"id":120,"date":"2015-12-16T13:28:25","date_gmt":"2015-12-16T12:28:25","guid":{"rendered":"http:\/\/e-doc.univ-avignon.fr\/ressources-humaines\/?page_id=120"},"modified":"2026-03-02T11:01:11","modified_gmt":"2026-03-02T10:01:11","slug":"personnels-enseignants","status":"publish","type":"page","link":"https:\/\/e-doc.univ-avignon.fr\/ressources-humaines\/pole-gestion\/personnels-enseignants\/","title":{"rendered":"Personnels enseignants"},"content":{"rendered":"<div class=\"csc-header csc-header-n1\">\n<div class=\"csc-header csc-header-n10\">\n<div class=\"csc-header csc-header-n11\">\n<h4><strong>Les documents et informations RH sont disponibles dor\u00e9navant sur le catalogue de services\u00a0<\/strong><\/h4>\n<\/div>\n<p>&nbsp;<\/p>\n<h4>Modifications des modalit\u00e9s de classement des Ma\u00eetres de conf\u00e9rences et des Professeurs d&rsquo;universit\u00e9<\/h4>\n<p><a href=\"https:\/\/e-doc.univ-avignon.fr\/ressources-humaines\/modifications-des-modalites-de-classement-des-maitres-de-conferences-et-des-professeurs-des-universites\/\">Retrouvez sous ce lien toutes les informations li\u00e9es ces modifications <\/a><em><br \/><\/em><\/p>\n<\/div>\n<\/div>\n<h4>\u00a0<\/h4>\n<h4>D\u00e9rogation obligation de r\u00e9sidence<\/h4>\n<p><a href=\"https:\/\/e-doc.univ-avignon.fr\/ressources-humaines\/wp-content\/uploads\/sites\/3\/2018\/09\/INFO-D\u00e9rogation-obligation-r\u00e9sidence-2018.pdf\"><strong>INFORMATION : D\u00e9rogation obligation de r\u00e9sidence<\/strong><\/a><\/p>\n<p>&nbsp;<\/p>\n\n\n<p><\/p>\n","protected":false},"excerpt":{"rendered":"<p>Les documents et informations RH sont disponibles dor\u00e9navant sur le catalogue de services\u00a0 &nbsp; Modifications des modalit\u00e9s de classement des Ma\u00eetres de conf\u00e9rences et des Professeurs d&rsquo;universit\u00e9 Retrouvez sous ce lien toutes les informations li\u00e9es ces modifications \u00a0 D\u00e9rogation obligation de r\u00e9sidence INFORMATION : D\u00e9rogation obligation de r\u00e9sidence &nbsp;<\/p>\n","protected":false},"author":17,"featured_media":0,"parent":15,"menu_order":0,"comment_status":"closed","ping_status":"closed","template":"","meta":{"footnotes":""},"class_list":["post-120","page","type-page","status-publish","hentry"],"_links":{"self":[{"href":"https:\/\/e-doc.univ-avignon.fr\/ressources-humaines\/wp-json\/wp\/v2\/pages\/120","targetHints":{"allow":["GET"]}}],"collection":[{"href":"https:\/\/e-doc.univ-avignon.fr\/ressources-humaines\/wp-json\/wp\/v2\/pages"}],"about":[{"href":"https:\/\/e-doc.univ-avignon.fr\/ressources-humaines\/wp-json\/wp\/v2\/types\/page"}],"author":[{"embeddable":true,"href":"https:\/\/e-doc.univ-avignon.fr\/ressources-humaines\/wp-json\/wp\/v2\/users\/17"}],"replies":[{"embeddable":true,"href":"https:\/\/e-doc.univ-avignon.fr\/ressources-humaines\/wp-json\/wp\/v2\/comments?post=120"}],"version-history":[{"count":138,"href":"https:\/\/e-doc.univ-avignon.fr\/ressources-humaines\/wp-json\/wp\/v2\/pages\/120\/revisions"}],"predecessor-version":[{"id":12897,"href":"https:\/\/e-doc.univ-avignon.fr\/ressources-humaines\/wp-json\/wp\/v2\/pages\/120\/revisions\/12897"}],"up":[{"embeddable":true,"href":"https:\/\/e-doc.univ-avignon.fr\/ressources-humaines\/wp-json\/wp\/v2\/pages\/15"}],"wp:attachment":[{"href":"https:\/\/e-doc.univ-avignon.fr\/ressources-humaines\/wp-json\/wp\/v2\/media?parent=120"}],"curies":[{"name":"wp","href":"https:\/\/api.w.org\/{rel}","templated":true}]}}