{"id":280,"date":"2016-01-06T11:02:27","date_gmt":"2016-01-06T10:02:27","guid":{"rendered":"http:\/\/e-doc.univ-avignon.fr\/ressources-humaines\/?page_id=280"},"modified":"2026-02-27T17:27:32","modified_gmt":"2026-02-27T16:27:32","slug":"heures-complementaires-2","status":"publish","type":"page","link":"https:\/\/e-doc.univ-avignon.fr\/ressources-humaines\/pole-gestion\/heures-complementaires-2\/","title":{"rendered":"Vacations d&rsquo;enseignement \/ Heures compl\u00e9mentaires"},"content":{"rendered":"\n<h4 class=\"wp-block-heading\">Se reporter dor\u00e9navant au catalogue de service &#8211; site DRH<\/h4>\n\n\n\n<p><\/p>\n\n\n\n<p>                          <strong><em>Nouveau <\/em>: <\/strong><mark style=\"background-color:#ffffff\" class=\"has-inline-color\"><strong>&nbsp;&nbsp;<\/strong><\/mark><strong><mark style=\"background-color:#ffffff\" class=\"has-inline-color has-vivid-cyan-blue-color\">Logiciel OSE \u2013 Organisation des Services d\u2019Enseignement<\/mark><\/strong><mark style=\"background-color:#ffffff\" class=\"has-inline-color\"><strong> <\/strong>&nbsp;<\/mark><\/p>\n\n\n\n<p><\/p>\n\n\n\n<div class=\"wp-block-group is-vertical is-layout-flex wp-container-core-group-is-layout-8cf370e7 wp-block-group-is-layout-flex\">\n<p>Cette application <strong>remplace les syst\u00e8mes internes<\/strong>&nbsp;:<\/p>\n\n\n\n<ul class=\"wp-block-list\">\n<li>de d\u00e9claration des services d\u2019enseignants&nbsp;<em><strong>\u00ab\u00a0D.S.E \u00ab\u00a0<\/strong>,<\/em>&nbsp;<\/li>\n\n\n\n<li>la plateforme de gestion des vacataires&nbsp;<em>\u00ab\u00a0<strong>Vacademat<\/strong>\u00ab\u00a0, <\/em>(\u00e0 partir de septembre 2025),<\/li>\n\n\n\n<li>la gestion des heures compl\u00e9mentaires&nbsp;<em>\u00ab\u00a0<strong>Hcsdemat<\/strong>\u00ab\u00a0<\/em>, <\/li>\n<\/ul>\n<\/div>\n\n\n\n<p>Le logiciel OSE est d\u00e9sormais ouvert depuis <strong>mars 2025.<\/strong><\/p>\n\n\n\n<p><\/p>\n\n\n\n<p>L&rsquo;application <strong>\u00ab\u00a0DSE-Archives\u00a0\u00bb<\/strong> permet de visualiser les donn\u00e9es avant 2024\/2025.<\/p>\n\n\n\n<p><\/p>\n\n\n\n<div class=\"wp-block-group\"><div class=\"wp-block-group__inner-container is-layout-constrained wp-block-group-is-layout-constrained\">\n<blockquote class=\"wp-block-quote is-layout-flow wp-block-quote-is-layout-flow\">\n<blockquote class=\"wp-block-quote is-layout-flow wp-block-quote-is-layout-flow\">\n<blockquote class=\"wp-block-quote is-layout-flow wp-block-quote-is-layout-flow\">\n<blockquote class=\"wp-block-quote is-layout-flow wp-block-quote-is-layout-flow\">\n<blockquote class=\"wp-block-quote is-layout-flow wp-block-quote-is-layout-flow\">\n<p><mark style=\"background-color:#ffffff\" class=\"has-inline-color\"><\/mark><\/p>\n<\/blockquote>\n<\/blockquote>\n<\/blockquote>\n<\/blockquote>\n<\/blockquote>\n<\/div><\/div>\n\n\n\n<p><mark style=\"background-color:#ffffff\" class=\"has-inline-color has-luminous-vivid-amber-color\">&gt; <strong><u>1<sup>e<\/sup> phase&nbsp;<\/u>: LES HEURES COMPL\u00c9MENTAIRES &#8211; ann\u00e9e 2024\/2025&nbsp;<\/strong><\/mark><\/p>\n\n\n\n<p>Les enseignants permanents de l&rsquo;universit\u00e9 y indiqueront leur service pr\u00e9visionnel et r\u00e9alis\u00e9 en vue du paiement de leurs heures compl\u00e9mentaires.<\/p>\n\n\n\n<div class=\"wp-block-group is-vertical is-layout-flex wp-container-core-group-is-layout-8cf370e7 wp-block-group-is-layout-flex\">\n<p>Les&nbsp;<strong>dates de campagne<\/strong> <strong>pour les \u00e9l\u00e9ments constitutifs des emplois du temps<\/strong> (ECDET) ont \u00e9t\u00e9 fix\u00e9es :<\/p>\n\n\n\n<ul class=\"wp-block-list\">\n<li>du 18 mars au 23 avril pour la saisie des heures par les responsables de formation et d&rsquo;ueo<\/li>\n\n\n\n<li>du 1er au 23 avril pour la saisie des ECDET par les enseignants<\/li>\n\n\n\n<li>du 23 au 28 avril pour la validation par les responsables de formation.<\/li>\n<\/ul>\n\n\n\n<p>Les premiers paiements se d\u00e9rouleront en fin d\u2019ann\u00e9e universitaire 2024-2025. Les modalit\u00e9s de gestion vous parviendront prochainement.<\/p>\n<\/div>\n\n\n\n<p><\/p>\n\n\n\n<p><mark style=\"background-color:#ffffff\" class=\"has-inline-color has-luminous-vivid-amber-color\">&gt; <strong><u>2<sup>e<\/sup> phase&nbsp;<\/u><\/strong>: <strong>LES VACATIONS D\u2019ENSEIGNEMENT \u2013 rentr\u00e9e 2025\/2026<\/strong><\/mark><\/p>\n\n\n\n<p>A compter de la rentr\u00e9e 2025-2026, les dossiers des vacataires d\u2019enseignement ne seront plus valid\u00e9s sur VACADEMAT mais sur OSE.<\/p>\n\n\n\n<p>L\u2019agent recrut\u00e9 cr\u00e9\u00e9 son compte local via l\u2019application <strong>OSMOSE<\/strong>.<\/p>\n\n\n\n<p>Le traitement administratif du dossier du vacataire est ensuite assur\u00e9 dans <strong>OSE<\/strong> : de l\u2019int\u00e9gration des pi\u00e8ces justificatives \u00e0 la saisie du contrat de vacations, jusqu\u2019\u00e0 la mise en paiement des heures r\u00e9alis\u00e9es.<\/p>\n\n\n\n<p>Les proc\u00e9dures ci-apr\u00e8s vous permettront de prendre connaissance de ces nouvelles modalit\u00e9s :<\/p>\n\n\n\n<div class=\"wp-block-group is-vertical is-layout-flex wp-container-core-group-is-layout-8cf370e7 wp-block-group-is-layout-flex\">\n<ul class=\"wp-block-list\">\n<li><a href=\"https:\/\/e-doc.univ-avignon.fr\/ressources-humaines\/wp-content\/uploads\/sites\/3\/2025\/06\/Gestion-admin-enseignants-vacataires-entrants-applicable-30-06-2025.pdf\">La gestion administrative des enseignants vacataires entrants<\/a>,<\/li>\n<\/ul>\n<\/div>\n\n\n\n<ul class=\"wp-block-list\">\n<li><a href=\"https:\/\/e-doc.univ-avignon.fr\/ressources-humaines\/wp-content\/uploads\/sites\/3\/2025\/06\/Mise-en-paiement-heures-denseignement-applicable-30-06-2025.pdf\">La mise en paiement des heures d&rsquo;enseignement<\/a>.<\/li>\n<\/ul>\n\n\n\n<p><strong>Pour toutes les proc\u00e9dures relatives \u00e0 OSE, vous pouvez vous reporter \u00e0 la <a href=\"https:\/\/dosi.univ-avignon.fr\/faq\/organisation-des-services-d-enseignement-ose\">FAQ<\/a>.<\/strong><\/p>\n\n\n\n<blockquote class=\"wp-block-quote is-layout-flow wp-block-quote-is-layout-flow\">\n<blockquote class=\"wp-block-quote is-layout-flow wp-block-quote-is-layout-flow\">\n<p><\/p>\n<\/blockquote>\n<\/blockquote>\n\n\n\n<p><\/p>\n\n\n\n<p><\/p>\n\n\n\n<p>                                                       &#8212;&#8212;&#8212;&#8212;&#8212;&#8212;&#8212;&#8212;&#8212;&#8212;&#8212;&#8212;&#8212;&#8212;&#8212;&#8212;-<\/p>\n\n\n\n<h4 class=\"wp-block-heading\" style=\"font-size:21px\"><em><strong><span class=\"has-inline-color has-luminous-vivid-orange-color\">I &#8211; VACATAIRES D&rsquo;ENSEIGNEMENT ET PERSONNEL BIATSS <\/span><\/strong><\/em><\/h4>\n\n\n\n<h4 class=\"wp-block-heading has-medium-font-size\"><em><strong><span class=\"has-inline-color has-luminous-vivid-orange-color\"> (titulaires et contractuels A.U)<\/span><\/strong><\/em><\/h4>\n\n\n\n<p><br><\/p>\n\n\n\n<p class=\"has-small-font-size\"><strong><span class=\"has-inline-color has-vivid-red-color\">Il est imp\u00e9ratif de prendre connaissance du VADE-MECUM avant tout d\u00e9but d&rsquo;intervention, ce guide vous permettra de v\u00e9rifier les conditions de recevabilit\u00e9 de votre dossier administratif<\/span>.<\/strong><\/p>\n\n\n\n<p><strong>Vade-mecum des vacations d&rsquo;enseignement et heures compl\u00e9mentaires<\/strong><br><a href=\"https:\/\/e-doc.univ-avignon.fr\/ressources-humaines\/wp-content\/uploads\/sites\/3\/2024\/07\/Guide-des-vacations-denseignement-et-heures-complementaires-2-2.pdf\">T\u00e9l\u00e9charger le guide des vacations d&rsquo;enseignement et&nbsp; heures compl\u00e9mentaires<\/a> (.pdf)<\/p>\n\n\n\n<p><strong>R\u00e8glementation :<br><\/strong><a href=\"https:\/\/e-doc.univ-avignon.fr\/ressources-humaines\/wp-content\/uploads\/sites\/3\/2018\/10\/D\u00e9cret-n\u00b087-889-du-29-octobre-1987-relatif-aux-conditions-de-recrutement-de-vacataires.pdf\">D\u00e9cret n\u00b0 87-889 du 29 octobre 1987 relatif aux conditions de recrutement et d&#8217;emploi de vacataires pour l&rsquo;enseignement sup\u00e9rieur<\/a><\/p>\n\n\n\n<p><\/p>\n\n\n\n<p><strong><mark style=\"background-color:#ffffff\" class=\"has-inline-color has-luminous-vivid-amber-color\">A partir de la rentr\u00e9e 2025\/2026 -OSE &#8211; est la nouvelle application de recrutement des vacataires d&rsquo;enseignement<\/mark><\/strong><\/p>\n\n\n\n<blockquote class=\"wp-block-quote is-layout-flow wp-block-quote-is-layout-flow\">\n<h2 class=\"wp-block-heading has-luminous-vivid-orange-color has-text-color\" style=\"font-size:17px\"><strong><mark style=\"background-color:#ffffff\" class=\"has-inline-color has-luminous-vivid-amber-color\"><\/mark><\/strong><\/h2>\n<\/blockquote>\n\n\n\n<p>L\u2019agent recrut\u00e9 cr\u00e9\u00e9 son compte local via l\u2019application <strong>OSMOSE<\/strong>.<\/p>\n\n\n\n<p>Le traitement administratif du dossier vacataire est ensuite assur\u00e9 dans <strong>OSE<\/strong>, de l&rsquo;int\u00e9gration des pi\u00e8ces justificatives \u00e0 la mise en paiement des dossiers.<\/p>\n\n\n\n<p>Pour toutes demandes relatives \u00e0 la gestion des pi\u00e8ces de votre dossier, vous pouvez consulter la proc\u00e9dure suivante : <a href=\"https:\/\/e-doc.univ-avignon.fr\/ressources-humaines\/wp-content\/uploads\/sites\/3\/2025\/07\/Notice-OSE-0725-1.pdf\"> Notice OSE<\/a><\/p>\n\n\n\n<div class=\"wp-block-group\"><div class=\"wp-block-group__inner-container is-layout-constrained wp-block-group-is-layout-constrained\">\n<div class=\"wp-block-group\"><div class=\"wp-block-group__inner-container is-layout-constrained wp-block-group-is-layout-constrained\">\n<p>Pour toute autre demande, vous disposez de la <a href=\"https:\/\/dosi.univ-avignon.fr\/faq\/organisation-des-services-d-enseignement-ose\">FAQ<\/a> et ses rubriques :<\/p>\n\n\n\n<ul class=\"wp-block-list\">\n<li><em>Comment se connecter ?<\/em><\/li>\n\n\n\n<li><em>Je suis un enseignant vacataire<\/em><\/li>\n<\/ul>\n<\/div><\/div>\n<\/div><\/div>\n\n\n\n<p><mark style=\"background-color:#ffffff\" class=\"has-inline-color has-luminous-vivid-amber-color\"><strong><em>Pour les ann\u00e9es 2024\/2025 et ant\u00e9rieures<\/em> <\/strong>&#8211;<strong>VACADEMAT &#8211; la plateforme de recrutement des vacataires d&rsquo;enseignement<\/strong><\/mark><\/p>\n\n\n\n<p>Le recrutement des vacations d&rsquo;enseignement est d\u00e9mat\u00e9rialis\u00e9. Le dossier de recrutement, ainsi que les pi\u00e8ces justificatives, doivent \u00eatre d\u00e9pos\u00e9s sur la plateforme de recrutement d\u00e9di\u00e9e : VACADEMAT (sont concern\u00e9s les vacataires externes et les personnels administratifs A.U), <em>disponible \u00e0 l&rsquo;adresse suivant<\/em>e : <a href=\"https:\/\/recrutement.univ-avignon.fr\/vacation\"><span class=\"has-inline-color has-vivid-red-color\">https:\/\/vacataire.univ-avignon.fr<\/span><\/a><\/p>\n\n\n\n<p style=\"font-size:14px\"><em>A SAVOIR  : il est indispensable que le dossier de recrutement soit complet sur la plateforme de recrutement, <strong>au moins un mois avant le d\u00e9but de la premi\u00e8re heure de vacation d&rsquo;enseignement<\/strong><\/em>.<\/p>\n\n\n\n<p style=\"font-size:15px\"><br><\/p>\n\n\n\n<ul class=\"wp-block-list\">\n<li><strong><span class=\"has-inline-color has-vivid-red-color\">IMPORTANT<\/span><\/strong> : <span class=\"has-inline-color has-vivid-red-color\"><strong>Les cat\u00e9gories de personnels&nbsp; ne pouvant pas effectuer de vacations d\u2019enseignement&nbsp;:<\/strong> <\/span>\n<ol class=\"wp-block-list\">\n<li>Les \u00e9tudiants b\u00e9n\u00e9ficiant d\u2019un contrat \u00e9tudiant r\u00e9gi par les articles D811-1 et suivant du code de l\u2019\u00e9ducation,<\/li>\n\n\n\n<li>Les ATER  (article 10 du d\u00e9cret n\u00b0 88-654 du 7 mai 1988),<\/li>\n\n\n\n<li>Les \u00e9tudiants inscrits \u00e0 un niveau inf\u00e9rieur au doctorat (licence, master),<\/li>\n\n\n\n<li>Les charg\u00e9s d\u2019enseignement vacataires ayant perdu leur emploi,<\/li>\n\n\n\n<li>Les actifs ou retrait\u00e9s de plus de 67 ans au jour du service fait (note minist\u00e9rielle du 18\/10\/2012),<\/li>\n\n\n\n<li>Les salari\u00e9s ne pouvant pas justifier d\u2019une activit\u00e9 de 900 heures\/an de travail ou 300h\/an d\u2019enseignement,<\/li>\n\n\n\n<li>Les travailleurs ind\u00e9pendant\/auto-entrepreneur ne pouvant justifier de revenus suffisants depuis les trois derni\u00e8res ann\u00e9es,<\/li>\n\n\n\n<li>Les retrait\u00e9s d\u2019Avignon Universit\u00e9,<\/li>\n\n\n\n<li>Les personnes \u00e9trang\u00e8res ne disposant pas d\u2019une autorisation de travail (y compris les ressortissants britanniques \u00e0 compter du 01\/01\/2022).<\/li>\n<\/ol>\n<\/li>\n<\/ul>\n\n\n\n<p><br><\/p>\n\n\n\n<p><strong>a\/ Les documents communs \u00e0 tous les vacataires d&rsquo;enseignement<\/strong> <\/p>\n\n\n\n<p>Ces documents sont \u00e0 transmettre pour les dossiers \u00e0 valider sur VACADEMAT (ann\u00e9es 2024\/2025 et ant\u00e9rieures) :<\/p>\n\n\n\n<p><a href=\"https:\/\/e-doc.univ-avignon.fr\/ressources-humaines\/wp-content\/uploads\/sites\/3\/2025\/02\/Dossier-de-recrutement-02-2025.doc\">Dossier de recrutement-format WORD<\/a><br><a href=\"https:\/\/e-doc.univ-avignon.fr\/ressources-humaines\/wp-content\/uploads\/sites\/3\/2025\/02\/Dossier-de-recrutement-02-2025-2.pdf\">Dossier de recrutement &#8211; format PDF<\/a><\/p>\n\n\n\n<p><a href=\"https:\/\/e-doc.univ-avignon.fr\/ressources-humaines\/wp-content\/uploads\/sites\/3\/2019\/10\/Dossier-de-recrutement-2019-pg-2-1.pdf\">Pi\u00e8ces dossier-de-recrutement<\/a><br><br><\/p>\n\n\n\n<p><strong>b\/ Les documents relatifs aux personnels BIATSS d&rsquo;Avignon Universit\u00e9 (titulaires et contractuels)<\/strong><\/p>\n\n\n\n<p>Les demandes de cumul se font directement sur l&rsquo;application PEPS -rubrique \u00ab\u00a0J&rsquo;organise mon travail &gt;d\u00e9claration de cumul d&rsquo;activit\u00e9s\u00a0\u00bb<\/p>\n\n\n\n<p><a href=\"https:\/\/e-doc.univ-avignon.fr\/ressources-humaines\/wp-content\/uploads\/sites\/3\/2024\/01\/Dde-Activites-BIATSS-UAPV-a-UAPV-EnsTD-Formation.pdf\">Demande d&rsquo;activit\u00e9s des personnels BIATSS de l&rsquo;AU \u00e0 l&rsquo;AU<\/a> <\/p>\n\n\n<div class=\"wp-block-image\">\n<figure class=\"aligncenter size-full\"><a href=\"https:\/\/e-doc.univ-avignon.fr\/ressources-humaines\/wp-content\/uploads\/sites\/3\/2025\/06\/image-1.png\"><img loading=\"lazy\" decoding=\"async\" width=\"127\" height=\"197\" src=\"https:\/\/e-doc.univ-avignon.fr\/ressources-humaines\/wp-content\/uploads\/sites\/3\/2025\/06\/image-1.png\" alt=\"\" class=\"wp-image-12515\" \/><\/a><\/figure>\n<\/div>\n\n\n<p><\/p>\n\n\n\n<p><strong>c\/ Les documents relatifs aux vacataires ext\u00e9rieurs \u00e0 l&rsquo;universit\u00e9<\/strong><\/p>\n\n\n\n<p><em>Les documents suivants sont \u00e0 int\u00e9grer en fonction de votre statut professionnel :<\/em><\/p>\n\n\n\n<ul class=\"wp-block-list\">\n<li>les salari\u00e9s du secteur priv\u00e9 : <a href=\"https:\/\/e-doc.univ-avignon.fr\/ressources-humaines\/wp-content\/uploads\/sites\/3\/2026\/01\/2a-Annexe-1-Attestation-employeur-MAJ-01.2026.pdf\" data-type=\"attachment\" data-id=\"10485\">2a-Annexe-1-Attestation-employeur<\/a><\/li>\n\n\n\n<li>les \u00e9tudiants doctorants : <a href=\"http:\/\/e-doc.univ-avignon.fr\/ressources-humaines\/wp-content\/uploads\/sites\/3\/2018\/06\/2b-Annexe-2-Attestation-\u00e9tudiant-3\u00e8me-cycle-MAJ-06.06.2018.pdf\">2b- Annexe 2 Attestation \u00e9tudiant 3\u00e8me cycle MAJ 06.06.2018<\/a><\/li>\n\n\n\n<li>les travailleurs ind\u00e9pendants effectuant moins de 64 heures de vacations : <a href=\"https:\/\/e-doc.univ-avignon.fr\/ressources-humaines\/wp-content\/uploads\/sites\/3\/2026\/01\/2c-Annexe-3-Attestation-perception-de-revenu-MAJ-01-26.pdf\">Attestation-perception-de-revenu-<\/a><\/li>\n<\/ul>\n\n\n\n<ul class=\"wp-block-list\">\n<li>pour les vacataires souhaitant disposer d&rsquo;une identit\u00e9 num\u00e9rique (acc\u00e8s ENT) : <a href=\"https:\/\/e-doc.univ-avignon.fr\/ressources-humaines\/wp-content\/uploads\/sites\/3\/2019\/11\/charte_info-2.pdf\">Charte informatique&nbsp;<\/a>(pdf)<\/li>\n<\/ul>\n\n\n\n<p><br><\/p>\n\n\n\n<p class=\"has-luminous-vivid-orange-color has-text-color has-link-color wp-elements-a2f06a09351dacf6b7577b1d9da0af10\" style=\"font-size:21px\"><strong><mark style=\"background-color:#ffffff\" class=\"has-inline-color has-luminous-vivid-orange-color\"><em>II &#8211; HEURES COMPL\u00c9MENTAIRES &#8211; Personnels enseignants (titulaires et contractuels A.U<\/em>)<\/mark><\/strong><\/p>\n\n\n\n<p><strong><mark class=\"has-inline-color has-luminous-vivid-orange-color\"><\/mark><\/strong><\/p>\n\n\n\n<p><strong>Nombre maximal \u00e9quivalent TD pr\u00e9conis\u00e9 par cat\u00e9gorie d&rsquo;intervenant<\/strong>                                                                                                     <a href=\"https:\/\/e-doc.univ-avignon.fr\/ressources-humaines\/wp-content\/uploads\/sites\/3\/2025\/06\/Tableau-HETD-preconisees.pdf\">https:\/\/e-doc.univ-avignon.fr\/ressources-humaines\/wp-content\/uploads\/sites\/3\/2025\/06\/Tableau-HETD-preconisees.pdf<\/a><\/p>\n\n\n\n<p><strong>R\u00e9glementation :<br>Vacations pay\u00e9es en heures compl\u00e9mentaires d\u2019enseignement :<\/strong><br><a href=\"https:\/\/e-doc.univ-avignon.fr\/ressources-humaines\/wp-content\/uploads\/sites\/3\/2018\/11\/D\u00e9cret-n\u00b083-1175-du-23-d\u00e9cembre-1983-relatif-aux-indemnit\u00e9s-pour-enseignements-compl\u00e9mentaires-institu\u00e9s-dans-les-\u00e9tablissements-publics-denseignement-sup\u00e9rieur.pdf\">D\u00e9cret n\u00b0 83-1175 du 23 d\u00e9cembre 1983 modifi\u00e9 relatif aux indemnit\u00e9s pour enseignements compl\u00e9mentaires (&#8230;)<\/a><\/p>\n\n\n\n<p><br>La gestion et le traitement des heures compl\u00e9mentaires s&rsquo;effectue de mani\u00e8re enti\u00e8rement d\u00e9mat\u00e9rialis\u00e9e vie l&rsquo;application <strong>OSE<\/strong> donc l&rsquo;acc\u00e8s se fait depuis l&rsquo;<strong><em>ENT,<\/em><\/strong> onglet <strong><em>\u00ab\u00a0administration\u00a0\u00bb<\/em><\/strong>.<\/p>\n\n\n\n<p class=\"has-text-align-center\"><img loading=\"lazy\" decoding=\"async\" width=\"472\" height=\"313\" class=\"wp-image-12372\" style=\"width: 300px\" src=\"https:\/\/e-doc.univ-avignon.fr\/ressources-humaines\/wp-content\/uploads\/sites\/3\/2025\/04\/OSE-OSMOSE.png\" alt=\"\" srcset=\"https:\/\/e-doc.univ-avignon.fr\/ressources-humaines\/wp-content\/uploads\/sites\/3\/2025\/04\/OSE-OSMOSE.png 472w, https:\/\/e-doc.univ-avignon.fr\/ressources-humaines\/wp-content\/uploads\/sites\/3\/2025\/04\/OSE-OSMOSE-300x199.png 300w\" sizes=\"auto, (max-width: 472px) 100vw, 472px\" \/><\/p>\n\n\n\n<p>Les logigrammes relatifs \u00e0 cette gestion sont accessibles ci-dessous :<\/p>\n\n\n\n<ul class=\"wp-block-list\">\n<li><a href=\"https:\/\/e-doc.univ-avignon.fr\/ressources-humaines\/wp-content\/uploads\/sites\/3\/2025\/04\/LOGI-Gestion-heures-denseignement-01-04-2025.pdf\">Gestion des heures d&rsquo;enseignement<\/a><\/li>\n\n\n\n<li><a href=\"https:\/\/e-doc.univ-avignon.fr\/ressources-humaines\/wp-content\/uploads\/sites\/3\/2025\/04\/LOGI-Mise-en-paiement-heures-denseignement-01-04-2025-V2.pdf\">Mise en paiement des heures d&rsquo;enseignement<\/a><\/li>\n<\/ul>\n\n\n\n<p>Besoin d&rsquo;aide? Notre <strong><mark class=\"has-inline-color has-luminous-vivid-orange-color\"><a href=\"https:\/\/www.appigs.univ-avignon.fr\/extranet\/assistance.html\">Outil d\u2019assistance <\/a> <\/mark><\/strong>est toujours disponible pour vous accompagner.<\/p>\n\n\n\n<p><\/p>\n\n\n\n<p><\/p>\n","protected":false},"excerpt":{"rendered":"<p>Se reporter dor\u00e9navant au catalogue de service &#8211; site DRH Nouveau : &nbsp;&nbsp;Logiciel OSE \u2013 Organisation des Services d\u2019Enseignement &nbsp; Cette application remplace les syst\u00e8mes internes&nbsp;: Le logiciel OSE est d\u00e9sormais ouvert depuis mars 2025. L&rsquo;application \u00ab\u00a0DSE-Archives\u00a0\u00bb permet de visualiser les donn\u00e9es avant 2024\/2025. &gt; 1e phase&nbsp;: LES HEURES COMPL\u00c9MENTAIRES &#8211; ann\u00e9e 2024\/2025&nbsp; Les enseignants &hellip; <a href=\"https:\/\/e-doc.univ-avignon.fr\/ressources-humaines\/pole-gestion\/heures-complementaires-2\/\" class=\"more-link\">Continuer la lecture de <span class=\"screen-reader-text\">Vacations d&rsquo;enseignement \/ Heures compl\u00e9mentaires<\/span><\/a><\/p>\n","protected":false},"author":8,"featured_media":0,"parent":15,"menu_order":0,"comment_status":"closed","ping_status":"closed","template":"","meta":{"footnotes":""},"class_list":["post-280","page","type-page","status-publish","hentry"],"_links":{"self":[{"href":"https:\/\/e-doc.univ-avignon.fr\/ressources-humaines\/wp-json\/wp\/v2\/pages\/280","targetHints":{"allow":["GET"]}}],"collection":[{"href":"https:\/\/e-doc.univ-avignon.fr\/ressources-humaines\/wp-json\/wp\/v2\/pages"}],"about":[{"href":"https:\/\/e-doc.univ-avignon.fr\/ressources-humaines\/wp-json\/wp\/v2\/types\/page"}],"author":[{"embeddable":true,"href":"https:\/\/e-doc.univ-avignon.fr\/ressources-humaines\/wp-json\/wp\/v2\/users\/8"}],"replies":[{"embeddable":true,"href":"https:\/\/e-doc.univ-avignon.fr\/ressources-humaines\/wp-json\/wp\/v2\/comments?post=280"}],"version-history":[{"count":283,"href":"https:\/\/e-doc.univ-avignon.fr\/ressources-humaines\/wp-json\/wp\/v2\/pages\/280\/revisions"}],"predecessor-version":[{"id":12892,"href":"https:\/\/e-doc.univ-avignon.fr\/ressources-humaines\/wp-json\/wp\/v2\/pages\/280\/revisions\/12892"}],"up":[{"embeddable":true,"href":"https:\/\/e-doc.univ-avignon.fr\/ressources-humaines\/wp-json\/wp\/v2\/pages\/15"}],"wp:attachment":[{"href":"https:\/\/e-doc.univ-avignon.fr\/ressources-humaines\/wp-json\/wp\/v2\/media?parent=280"}],"curies":[{"name":"wp","href":"https:\/\/api.w.org\/{rel}","templated":true}]}}